+ 9. What is d(4)?
-3
Let o(t) = t**2 - t - 16. Give o(8).
40
Let c(o) = -4*o - 14. What is c(-3)?
-2
Let p(m) = m**3 + 2*m**2 - 28*m + 9. What is p(-7)?
-40
Let r(j) = 3*j + 3. Calculate r(-4).
-9
Let v(r) = r**2 - 13*r + 7. What is v(12)?
-5
Let p(n) = -4*n**2 + 9*n + 7. Give p(3).
-2
Let j(u) = u + 63. Determine j(-11).
52
Let v(c) = c**2 + 25*c + 86. What is v(-20)?
-14
Let g(u) = 21*u + 515. Give g(-25).
-10
Let t(j) = -3*j. Calculate t(4).
-12
Let j(n) = -5*n + 55. Determine j(13).
-10
Let w(y) = y**2 - 15*y + 45. Calculate w(10).
-5
Let c(j) = -j**2 + 7*j - 10. What is c(5)?
0
Let m(t) = -t**2 + 3*t + 9. Calculate m(6).
-9
Let c(k) = -k + 5. Give c(-6).
11
Let g(r) = 14*r**2 - r + 2. Calculate g(1).
15
Let w(s) = -s**3 + 7*s**2 - s + 12. Calculate w(7).
5
Let h(f) = f**3 + 4*f**2 - 3*f - 4. Calculate h(-3).
14
Let o(t) = -t**2 + 12*t + 28. Calculate o(13).
15
Let r(m) = -2*m**2 - 10*m + 7. Calculate r(-6).
-5
Let k(o) = -o**2 - 7*o + 4. Calculate k(-8).
-4
Let w(d) = 2*d - 20. Calculate w(11).
2
Let n(p) = 8*p - 24. What is n(-11)?
-112
Let i(j) = j**2 - 2*j + 1. Determine i(3).
4
Let p(w) = w**3 + 21*w**2 + 21*w + 22. Give p(-20).
2
Let r(s) = s**2 + s + 2. Give r(0).
2
Let r(s) = s**2 + 9*s + 14. Determine r(-9).
14
Let r(t) = -t**2 - 7*t. Calculate r(-6).
6
Let i(q) = q**3 + 7*q**2 - 7*q - 1. Give i(-8).
-9
Let u(x) = -4*x**3 + x**2 - 2*x - 3. Give u(-1).
4
Let w(d) = -d**3 + 2*d**2 + d + 11. Determine w(3).
5
Let m(u) = -u**3 + 31*u**2 + 30*u + 61. Give m(32).
-3
Let g(i) = 7*i - 2. What is g(5)?
33
Let y(q) = -3*q - 78. What is y(0)?
-78
Let x(o) = o**3 - 4*o**2 - 2*o + 7. Calculate x(4).
-1
Let z(j) = -j**2 + 11*j - 23. Give z(6).
7
Let d(h) = -3*h**2 - 3*h - 2. Determine d(-1).
-2
Let b(y) = -y**2 + 16*y - 9. Determine b(15).
6
Let r(c) = -33*c**2 - 6*c + 5. Calculate r(1).
-34
Let m(q) = 4*q**2 - 3*q + 2. Calculate m(1).
3
Let c(r) = -4*r + 22. What is c(6)?
-2
Let c(r) = 4*r - 9. Determine c(6).
15
Let k(s) = -s - 11. Give k(2).
-13
Let i(j) = j**2 + j - 3. What is i(0)?
-3
Let t(b) = -b**3 + b**2 + 3*b + 3. Give t(4).
-33
Let z(q) = -19*q + 164. What is z(9)?
-7
Let u(h) = h**2 - 5*h. What is u(4)?
-4
Let f(n) = 6*n + 6. Calculate f(0).
6
Let l(b) = 3*b**3 + 3*b**2 + b - 4. Give l(-2).
-18
Let u(v) = v**3 - 14*v**2 + 25*v - 1. What is u(12)?
11
Let g(v) = v**3 + 5*v**2 - 5*v - 4. Calculate g(-4).
32
Let t(m) = -m**2 - 6*m - 10. Determine t(-8).
-26
Let f(u) = -3*u**2 - 5*u. What is f(-4)?
-28
Let v(i) = 5*i - 28. What is v(10)?
22
Let s(v) = -11*v - 13. Calculate s(-4).
31
Let w(t) = -2*t**2 - 5*t + 4. What is w(-5)?
-21
Let u(s) = -s**3 + 3*s**2 - 3*s + 3. Give u(2).
1
Let s(h) = 7*h - 54. Determine s(8).
2
Let g(z) = -3*z**2 - z + 1. Calculate g(2).
-13
Let k(x) = -x**2 - 55*x + 504. Determine k(8).
0
Let g(m) = 5*m - 2. What is g(-2)?
-12
Let y(d) = d**2 - 14*d - 53. Give y(-3).
-2
Let l(y) = 7*y - 10. Determine l(2).
4
Let i(d) = -d**3 + 14*d**2 - 15*d - 9. Determine i(13).
-35
Let h(v) = v**2 + 7*v - 1. Calculate h(-4).
-13
Let x(s) = s**2 - 13*s - 4. Give x(7).
-46
Let w(o) = o**3 + 4*o**2 - 20*o - 8. Calculate w(-8).
-104
Let z(k) = -k**2 + 7*k - 16. What is z(6)?
-10
Let o(z) = z**3 + 31*z**2 - 139*z - 4. Calculate o(-35).
-39
Let x(w) = w - 22. Give x(17).
-5
Let r(n) = -2*n**3 + n**2 - 19*n + 17. Calculate r(1).
-3
Let z(o) = 13*o - 87. What is z(6)?
-9
Let l(z) = -z**2 + 14*z - 11. What is l(12)?
13
Let n(v) = -3*v - 11. Give n(9).
-38
Let n(v) = 8*v**3 - v**2 + v + 1. Determine n(-1).
-9
Let s(d) = -4*d**2 - 15*d - 24. What is s(-2)?
-10
Let l(j) = -2*j**2 - j - 4. Determine l(-3).
-19
Let c(a) = -a**3 + 22*a**2 + a. Calculate c(22).
22
Let j(s) = 16*s - 3. Give j(-1).
-19
Let u(j) = 6*j - 46. Give u(16).
50
Let m(h) = -h**3 - h**2 + 4*h - 1. What is m(2)?
-5
Let y(n) = -27*n**3 - 1. Determine y(1).
-28
Let q(v) = -v**3 + 28*v**2 + 30*v - 55. What is q(29)?
-26
Let p(z) = -16*z + 14. What is p(1)?
-2
Let z(c) = -c**2 + 27*c + 35. Give z(23).
127
Let g(o) = o + 18. Determine g(-17).
1
Let s(n) = n**3 + 21*n**2 - n - 19. What is s(-21)?
2
Let t(f) = -3*f + 43. Calculate t(12).
7
Let v(y) = 3*y - 20. Give v(8).
4
Let w(x) = x**3 - 5*x**2 - 8*x - 1. Calculate w(7).
41
Let h(y) = -y**2 - 23*y + 212. Determine h(7).
2
Let a(o) = -52*o + 104. What is a(2)?
0
Let h(j) = -j**2 - 19*j - 57. Calculate h(-16).
-9
Let x(y) = -2*y**3 - 25*y**2 - 12*y + 7. Determine x(-12).
7
Let h(d) = -d**2 + 6*d + 88. Calculate h(-7).
-3
Let l(b) = 3*b**2 - 12*b + 3. What is l(4)?
3
Let w(o) = 2*o**2 + 1. Determine w(-2).
9
Let o(u) = 3*u - 2. Give o(18).
52
Let v(f) = f**2 - 31*f + 124. What is v(27)?
16
Let j(t) = 17*t + 7. Calculate j(1).
24
Let d(v) = 4*v**2 + 46*v + 15. Determine d(-11).
-7
Let n(b) = 29*b - 189. What is n(7)?
14
Let m(j) = -4*j - 93. Calculate m(-10).
-53
Let j(y) = -3*y + 59. Determine j(20).
-1
Let t(o) = -o**3 - 27*o**2 - 5*o - 36. Give t(-27).
99
Let z(a) = a**2 - 23*a + 72. Give z(17).
-30
Let k(f) = -f**3 - 21*f**2 + 19*f - 35. Calculate k(-22).
31
Let k(g) = g**3 + 31*g**2 + 34*g + 108. Determine k(-30).
-12
Let u(t) = t**3 - 7*t**2 - 5*t + 13. Calculate u(8).
37
Let r(o) = o**2 - 16. Determine r(-5).
9
Let i(w) = 4*w + 16. Give i(8).
48
Let t(o) = -17*o - 3. Calculate t(-2).
31
Let n(d) = -d**2 - 13*d - 22. Give n(-12).
-10
Let s(x) = -9*x + 8. Determine s(12).
-100
Let a(z) = -z**3 + 6*z**2 + 12*z - 16. What is a(7)?
19
Let m(v) = -v**3 + 35*v**2 - 34*v + 8. Give m(34).
8
Let m(v) = v**3 - 21*v**2 + 97*v + 14. What is m(14)?
0
Let u(d) = -4*d - 171. Determine u(-43).
1
Let b(t) = -t**2 - 11*t + 55. What is b(-14)?
13
Let d(g) = -g**3 - 13*g**2 + 16*g + 30. Determine d(-14).
2
Let n(w) = w**2 - 6*w - 46. What is n(11)?
9
Let s(m) = m**2 + 8*m - 99. Give s(-15).
6
Let q(x) = -9*x + 223. Give q(24).
7
Let g(q) = -q**3 + q**2 - q + 2. Determine g(0).
2
Let j(f) = 2*f**3 - 4*f**2 + 3*f - 19. What is j(4)?
57
Let d(a) = -6*a + 234. What is d(40)?
-6
Let g(w) = -w**3 - 5*w**2 - 5*w - 18. What is g(-4)?
-14
Let h(f) = f**3 - 24*f**2 + 27*f - 92. Calculate h(23).
0
Let f(k) = 2*k**3 - 7*k**2 - 3*k - 7. Calculate f(4).
-3
Let k(a) = 30*a**3 - 2*a**2 + 1. Determine k(1).
29
Let v(j) = j**3 + 33*j**2 - 3*j - 108. Calculate v(-33).
-9
Let w(i) = 2*i - 1. Calculate w(1).
1
Let o(v) = 2*v**3 - 2*v**2 + 24*v - 23. What is o(1)?
1
Let c(o) = o**3 - o**2 + o - 35. Calculate c(0).
-35
Let g(p) = 17*p**3. What is g(-1)?
-17
Let w(n) = -3*n - 32. What is w(-13)?
7
Let v(y) = 2*y + 27. Calculate v(-21).
-15
Let b(r) = r**3 - r**2 - 15*r + 5. What is b(5)?
30
Let h(a) = -a**3 - 15*a**2 - 27*a - 9. Give h(-13).
4
Let l(m) = -3*m + 92. Calculate l(37).
-19
Let x(u) = u**2 + 2*u - 59. Calculate x(8).
21
Let b(j) = -14*j + 54. Give b(4).
-2
Let h(d) = -d**3 - 2*d**2 + 3. What is h(-3)?
12
Let v(u) = -3*u**3 + 5*u**2 - 5*u + 3. Determine v(2).
-11
Let s(f) = 2*f**2 + 3*f - 4. What is s(-2)?
-2
Let u(y) = y**3 + 29*y**2 + 26*y - 12. Calculate u(-28).
44
Let i(s) = s**2 + 17*s + 8. What is i(-19)?
46
Let p(d) = 2*d**2 + 33*d + 128. Calculate p(-5).
13
Let t(a) = a**2 - 16*a + 4. Give t(16).
4
Let f(v) = -4*v**2 - v - 1. Give f(-2).
-15
Let v(s) = -s**3 - 4*s**2 + 14*s + 3. Give v(-6).
-9
Let i(k) = 128*k - 777. What is i(6)?
-9
Let d(f) = f - 4. Calculate d(3).
-1
Let f(t) = -30*t**2 - 7*t. Calculate f(-2).
-106
Let o(g) = g**3 - 16*g**2 + 16*g + 8. Determine o(15).
23
Let o(r) = -r**3 + 9*r**2 - r - 2. What is o(9)?
-11
Let s(j) = -j**3 + 2*j**2 - 2*j + 1. Give s(0).
1
Let h(x) = -x**2 - 9*x - 12. Calculate h(-6).
6
Let d(j) = -j**3 - 15*j**2 - 16*j - 19. Determine d(-14).
9
Let x(q) = -q**3 - q**2 - q - 84. Determine x(0).
-84
Let j(r) = -r**2 + 2*r - 108. Give j(0).
-108
Let j(t) = t**2 - 30*t + 67. Calculate j(26).
-37
Let h(c) = -c**3 - 10*c**2 - 5*c + 2. Determine h(-9).
-34
Let b(t) = -t**3 - 12*t**2 + 4*t - 3. Calculate b(-12).
-51
Let g(y) = 114*y - 4100. Calculate g(36).
4
Let n(o) = o**3 - 5*o**2 - 2*o - 52. Calculate n(7).
32
Let p(c) = -5*c**3 + 2*c**2 - 5*c + 8. Calculate p(2).
-34
Let p(d) = -20*d**2 - 100*d - 1. Calculate p(-5).
-1
Let u(k) = 4*k**2 + 26*k - 18. Give u(-7).
-4
Let d(t) = t**2 - 7*t - 14. Determine d(10).
16
Let k(s) = 2*s + 11. Determine k(-6).
-1
Let m(t) = -2*t**2 - 27*t - 59. Give m(-3).
4
Let p(t) = 